{"id":3805,"date":"2026-03-21T10:05:28","date_gmt":"2026-03-21T10:05:28","guid":{"rendered":"https:\/\/euroclima.al\/?post_type=product&#038;p=3805"},"modified":"2026-03-21T10:05:45","modified_gmt":"2026-03-21T10:05:45","slug":"kanalor-multisplit-24000-btu-duct-kaysun-2","status":"publish","type":"product","link":"https:\/\/euroclima.al\/index.php\/product\/kanalor-multisplit-24000-btu-duct-kaysun-2\/","title":{"rendered":"Kanalor multisplit 24000 BTU Duct &#8211; KAYSUN"},"content":{"rendered":"<h6>\u00a0 \u00a0 \u00a0 \u00a0 \u00a0 \u00a0 \u00a0 \u00a0 \u00a0 \u00a0 \u00a0 \u00a0 \u00a0COOLING (KW)\u00a0 \u00a0 \u00a0 \u00a0 HEATING (KW)\u00a0 \u00a0 \u00a0 ENERGY CLASS\u00a0 \u00a0 \u00a0SOUND PRESSURE (DB(A))\u00a0 \u00a0 \u00a0REFRIGERANT<\/h6>\n<h6 class=\"tbody\">KPD-20 DR15\u00a0 \u00a0 \u00a0 \u00a0 \u00a02.05\u00a0 \u00a0 \u00a0 \u00a0 \u00a0 \u00a0 \u00a0 \u00a0 \u00a0 \u00a0 \u00a0 \u00a0 \u00a0 \u00a02.64\u00a0 \u00a0 \u00a0 \u00a0 \u00a0CHECK COMBINATION\u00a0 \u00a0 \u00a0 \u00a0 \u00a0 \u00a0 \u00a0 \u00a031\u00a0 \u00a0 \u00a0 \u00a0 \u00a0 \u00a0 \u00a0 \u00a0 \u00a0 \u00a0 \u00a0 \u00a0 \u00a0 \u00a0 \u00a0 \u00a0 \u00a0 \u00a0 \u00a0 R-32<\/h6>\n<h6 class=\"tbody\">KPD-26 DR14\u00a0 \u00a0 \u00a0 \u00a0 \u00a02.64\u00a0 \u00a0 \u00a0 \u00a0 \u00a0 \u00a0 \u00a0 \u00a0 \u00a0 \u00a0 \u00a0 \u00a0 \u00a0 \u00a02.93\u00a0 \u00a0 \u00a0 \u00a0 \u00a0CHECK COMBINATION\u00a0 \u00a0 \u00a0 \u00a0 \u00a0 \u00a0 \u00a0 31\u00a0 \u00a0 \u00a0 \u00a0 \u00a0 \u00a0 \u00a0 \u00a0 \u00a0 \u00a0 \u00a0 \u00a0 \u00a0 \u00a0 \u00a0 \u00a0 \u00a0 \u00a0 \u00a0 R-32<\/h6>\n<h6 class=\"tbody\">KPD-35 DR14\u00a0 \u00a0 \u00a0 \u00a0 \u00a03.52\u00a0 \u00a0 \u00a0 \u00a0 \u00a0 \u00a0 \u00a0 \u00a0 \u00a0 \u00a0 \u00a0 \u00a0 \u00a0 \u00a03.81\u00a0 \u00a0 \u00a0 \u00a0 \u00a0 CHECK COMBINATION\u00a0 \u00a0 \u00a0 \u00a0 \u00a0 \u00a0 \u00a0 31\u00a0 \u00a0 \u00a0 \u00a0 \u00a0 \u00a0 \u00a0 \u00a0 \u00a0 \u00a0 \u00a0 \u00a0 \u00a0 \u00a0 \u00a0 \u00a0 \u00a0 \u00a0 \u00a0 R-32<\/h6>\n<h6 class=\"tbody\">KPD-52 DR14\u00a0 \u00a0 \u00a0 \u00a0 \u00a05.28\u00a0 \u00a0 \u00a0 \u00a0 \u00a0 \u00a0 \u00a0 \u00a0 \u00a0 \u00a0 \u00a0 \u00a0 \u00a0 \u00a05.57\u00a0 \u00a0 \u00a0 \u00a0 \u00a0 CHECK COMBINATION\u00a0 \u00a0 \u00a0 \u00a0 \u00a0 \u00a0 \u00a0 31\u00a0 \u00a0 \u00a0 \u00a0 \u00a0 \u00a0 \u00a0 \u00a0 \u00a0 \u00a0 \u00a0 \u00a0 \u00a0 \u00a0 \u00a0 \u00a0 \u00a0 \u00a0 \u00a0 R-32<\/h6>\n<h6 class=\"tbody\">KPD-71 DR14\u00a0 \u00a0 \u00a0 \u00a0 \u00a07.03\u00a0 \u00a0 \u00a0 \u00a0 \u00a0 \u00a0 \u00a0 \u00a0 \u00a0 \u00a0 \u00a0 \u00a0 \u00a0 \u00a07.62\u00a0 \u00a0 \u00a0 \u00a0 \u00a0 CHECK COMBINATION\u00a0 \u00a0 \u00a0 \u00a0 \u00a0 \u00a0 \u00a0 31\u00a0 \u00a0 \u00a0 \u00a0 \u00a0 \u00a0 \u00a0 \u00a0 \u00a0 \u00a0 \u00a0 \u00a0 \u00a0 \u00a0 \u00a0 \u00a0 \u00a0 \u00a0 \u00a0R-32<\/h6>\n<p>&nbsp;<\/p>\n<div class=\"tbody\"><\/div>\n","protected":false},"excerpt":{"rendered":"<h3 id=\"tw-target-text\" class=\"tw-data-text tw-text-large tw-ta\" dir=\"ltr\" data-placeholder=\"Translation\">Gama Kaysun p\u00ebr kanalet \u00ebsht\u00eb nj\u00eb zgjidhje e shk\u00eblqyer p\u00ebr vendet ku \u00ebsht\u00eb e nevojshme t\u00eb shp\u00ebrndahet ajri n\u00eb nj\u00eb m\u00ebnyr\u00eb t\u00eb ekuilibruar. Ato rregullojn\u00eb automatikisht presionin statik dhe mund t\u00eb instalohen vertikalisht p\u00ebr t&#8217;u p\u00ebrshtatur n\u00eb \u00e7do zon\u00eb.<\/h3>\n","protected":false},"featured_media":3728,"template":"","meta":[],"product_brand":[],"product_cat":[121,116],"product_tag":[],"class_list":{"0":"post-3805","1":"product","2":"type-product","3":"status-publish","4":"has-post-thumbnail","6":"product_cat-multisplit","7":"product_cat-sisteme-kondicionimi","8":"description-off","10":"first","11":"instock","12":"shipping-taxable","13":"product-type-simple"},"_links":{"self":[{"href":"https:\/\/euroclima.al\/index.php\/wp-json\/wp\/v2\/product\/3805","targetHints":{"allow":["GET"]}}],"collection":[{"href":"https:\/\/euroclima.al\/index.php\/wp-json\/wp\/v2\/product"}],"about":[{"href":"https:\/\/euroclima.al\/index.php\/wp-json\/wp\/v2\/types\/product"}],"wp:featuredmedia":[{"embeddable":true,"href":"https:\/\/euroclima.al\/index.php\/wp-json\/wp\/v2\/media\/3728"}],"wp:attachment":[{"href":"https:\/\/euroclima.al\/index.php\/wp-json\/wp\/v2\/media?parent=3805"}],"wp:term":[{"taxonomy":"product_brand","embeddable":true,"href":"https:\/\/euroclima.al\/index.php\/wp-json\/wp\/v2\/product_brand?post=3805"},{"taxonomy":"product_cat","embeddable":true,"href":"https:\/\/euroclima.al\/index.php\/wp-json\/wp\/v2\/product_cat?post=3805"},{"taxonomy":"product_tag","embeddable":true,"href":"https:\/\/euroclima.al\/index.php\/wp-json\/wp\/v2\/product_tag?post=3805"}],"curies":[{"name":"wp","href":"https:\/\/api.w.org\/{rel}","templated":true}]}}