{"id":2915,"date":"2020-02-27T16:02:07","date_gmt":"2020-02-27T16:02:07","guid":{"rendered":"https:\/\/euroclima.al\/?post_type=product&#038;p=2915"},"modified":"2020-02-28T07:29:28","modified_gmt":"2020-02-28T07:29:28","slug":"grup-dushi-tn03","status":"publish","type":"product","link":"https:\/\/euroclima.al\/index.php\/product\/grup-dushi-tn03\/","title":{"rendered":"GRUP VASKE SERIA TEN"},"content":{"rendered":"<p>GRUP DUSHI TEN TIEMME<\/p>\n","protected":false},"excerpt":{"rendered":"<p>Grup dushi me lev\u00eb t\u00eb vetme anti-g\u00eblqerore n\u00eb ABS,<\/p>\n<p>tub fleksib\u00ebl t\u00eb kromuar 150 cm dhe mb\u00ebshtetje ABS.<\/p>\n<p>&nbsp;<\/p>\n<p><a href=\"https:\/\/euroclima.al\/wp-content\/uploads\/2020\/02\/TN03-ITA.pdf\">TN03 SKEDE TEKNIKE<\/a><\/p>\n","protected":false},"featured_media":2916,"template":"","meta":[],"product_brand":[],"product_cat":[105,79],"product_tag":[],"class_list":{"0":"post-2915","1":"product","2":"type-product","3":"status-publish","4":"has-post-thumbnail","6":"product_cat-grupe-tiemme-seria-ten","7":"product_cat-pajisje-hidrosanitare","8":"description-off","10":"first","11":"instock","12":"shipping-taxable","13":"product-type-simple"},"_links":{"self":[{"href":"https:\/\/euroclima.al\/index.php\/wp-json\/wp\/v2\/product\/2915","targetHints":{"allow":["GET"]}}],"collection":[{"href":"https:\/\/euroclima.al\/index.php\/wp-json\/wp\/v2\/product"}],"about":[{"href":"https:\/\/euroclima.al\/index.php\/wp-json\/wp\/v2\/types\/product"}],"wp:featuredmedia":[{"embeddable":true,"href":"https:\/\/euroclima.al\/index.php\/wp-json\/wp\/v2\/media\/2916"}],"wp:attachment":[{"href":"https:\/\/euroclima.al\/index.php\/wp-json\/wp\/v2\/media?parent=2915"}],"wp:term":[{"taxonomy":"product_brand","embeddable":true,"href":"https:\/\/euroclima.al\/index.php\/wp-json\/wp\/v2\/product_brand?post=2915"},{"taxonomy":"product_cat","embeddable":true,"href":"https:\/\/euroclima.al\/index.php\/wp-json\/wp\/v2\/product_cat?post=2915"},{"taxonomy":"product_tag","embeddable":true,"href":"https:\/\/euroclima.al\/index.php\/wp-json\/wp\/v2\/product_tag?post=2915"}],"curies":[{"name":"wp","href":"https:\/\/api.w.org\/{rel}","templated":true}]}}