{"id":2902,"date":"2020-02-27T15:35:21","date_gmt":"2020-02-27T15:35:21","guid":{"rendered":"https:\/\/euroclima.al\/?post_type=product&#038;p=2902"},"modified":"2020-02-27T15:43:38","modified_gmt":"2020-02-27T15:43:38","slug":"saniplus-sfa","status":"publish","type":"product","link":"https:\/\/euroclima.al\/index.php\/product\/saniplus-sfa\/","title":{"rendered":"SANIPLUS SFA"},"content":{"rendered":"<p>POMPA GRIRESE PRESIONI<\/p>\n<ul>\n<li>Ideale p\u00ebr nj\u00eb banjo shtes\u00eb &#8211; WC, lavaman, bidet dhe madje dush me fuqi m\u00eb t\u00eb lart\u00eb t\u00eb prodhimit<\/li>\n<li>Qasje e re e leht\u00eb n\u00eb rezervuar p\u00ebr shkak t\u00eb kapakut t\u00eb heqsh\u00ebm q\u00eb ofron mir\u00ebmbajtje dhe riparim t\u00eb leht\u00eb<\/li>\n<li>Pompa deri n\u00eb nj\u00eb lart\u00ebsi maksimale 5m ose nj\u00eb distanc\u00eb horizontale maksimale prej 100m<\/li>\n<\/ul>\n<p>&nbsp;<\/p>\n","protected":false},"excerpt":{"rendered":"<ul>\n<li>Ideale p\u00ebr nj\u00eb banjo shtes\u00eb &#8211; WC, lavaman, bidet dhe madje dush me fuqi m\u00eb t\u00eb lart\u00eb t\u00eb prodhimit<\/li>\n<li>Qasje e re e leht\u00eb n\u00eb rezervuar p\u00ebr shkak t\u00eb kapakut t\u00eb heqsh\u00ebm q\u00eb ofron mir\u00ebmbajtje dhe riparim t\u00eb leht\u00eb<\/li>\n<li>Pompa deri n\u00eb nj\u00eb lart\u00ebsi maksimale 5m ose nj\u00eb distanc\u00eb horizontale maksimale prej 100m<\/li>\n<li><img loading=\"lazy\" decoding=\"async\" class=\"alignnone size-full wp-image-2895\" src=\"https:\/\/euroclima.al\/wp-content\/uploads\/2020\/02\/1_17-1-1.png\" alt=\"\" width=\"57\" height=\"57\" \/> <img loading=\"lazy\" decoding=\"async\" class=\"alignnone size-full wp-image-2893\" src=\"https:\/\/euroclima.al\/wp-content\/uploads\/2020\/02\/1_57.png\" alt=\"\" width=\"57\" height=\"57\" \/> <img loading=\"lazy\" decoding=\"async\" class=\"alignnone size-full wp-image-2891\" src=\"https:\/\/euroclima.al\/wp-content\/uploads\/2020\/02\/1_19.png\" alt=\"\" width=\"57\" height=\"57\" \/> <img loading=\"lazy\" decoding=\"async\" class=\"alignnone size-full wp-image-2889\" src=\"https:\/\/euroclima.al\/wp-content\/uploads\/2020\/02\/1_17.png\" alt=\"\" width=\"57\" height=\"57\" \/><\/li>\n<\/ul>\n<p><a href=\"https:\/\/euroclima.al\/wp-content\/uploads\/2020\/02\/Technical-sheet-saniplus-en.pdf\">SANIPLUS SKEDE TEKNIKE<\/a><\/p>\n","protected":false},"featured_media":2903,"template":"","meta":[],"product_brand":[],"product_cat":[23,20],"product_tag":[],"class_list":{"0":"post-2902","1":"product","2":"type-product","3":"status-publish","4":"has-post-thumbnail","6":"product_cat-pompa-te-trajtimit-te-ujerave-te-zeza","7":"product_cat-pompa-uji","8":"description-off","10":"first","11":"instock","12":"shipping-taxable","13":"product-type-simple"},"_links":{"self":[{"href":"https:\/\/euroclima.al\/index.php\/wp-json\/wp\/v2\/product\/2902","targetHints":{"allow":["GET"]}}],"collection":[{"href":"https:\/\/euroclima.al\/index.php\/wp-json\/wp\/v2\/product"}],"about":[{"href":"https:\/\/euroclima.al\/index.php\/wp-json\/wp\/v2\/types\/product"}],"wp:featuredmedia":[{"embeddable":true,"href":"https:\/\/euroclima.al\/index.php\/wp-json\/wp\/v2\/media\/2903"}],"wp:attachment":[{"href":"https:\/\/euroclima.al\/index.php\/wp-json\/wp\/v2\/media?parent=2902"}],"wp:term":[{"taxonomy":"product_brand","embeddable":true,"href":"https:\/\/euroclima.al\/index.php\/wp-json\/wp\/v2\/product_brand?post=2902"},{"taxonomy":"product_cat","embeddable":true,"href":"https:\/\/euroclima.al\/index.php\/wp-json\/wp\/v2\/product_cat?post=2902"},{"taxonomy":"product_tag","embeddable":true,"href":"https:\/\/euroclima.al\/index.php\/wp-json\/wp\/v2\/product_tag?post=2902"}],"curies":[{"name":"wp","href":"https:\/\/api.w.org\/{rel}","templated":true}]}}