{"id":2022,"date":"2019-03-16T08:43:10","date_gmt":"2019-03-16T08:43:10","guid":{"rendered":"https:\/\/euroclima.al\/?post_type=product&#038;p=2022"},"modified":"2019-03-16T09:33:18","modified_gmt":"2019-03-16T09:33:18","slug":"radiator-me-ventilim","status":"publish","type":"product","link":"https:\/\/euroclima.al\/index.php\/product\/radiator-me-ventilim\/","title":{"rendered":"RADIATOR ME VENTILIM"},"content":{"rendered":"","protected":false},"excerpt":{"rendered":"<h3>RADIATOR ME VENTILIM SOFI\u00ae<\/h3>\n<h5>SOFI\u00ae \u00ebsht\u00eb nj\u00eb radiator me fuqi t\u00eb lart\u00eb dhe efikasitet t\u00eb lart\u00eb q\u00eb kombinon tiparet dhe estetik\u00ebn e nj\u00eb radiatori tradicional me funksionalitetin dhe performanc\u00ebn e nj\u00eb ventilatori.<\/h5>\n<h5>\nIdeal p\u00ebr funksionim edhe n\u00eb temperatura t\u00eb ul\u00ebta.<\/h5>\n<h4><a href=\"https:\/\/euroclima.al\/wp-content\/uploads\/2019\/03\/scheda-tecnica-Sofi-Verticale-acciaio-colorato.pdf\">SKEDE TEKNIKE.pdf<\/a><\/h4>\n","protected":false},"featured_media":2023,"template":"","meta":[],"product_brand":[],"product_cat":[24],"product_tag":[],"class_list":{"0":"post-2022","1":"product","2":"type-product","3":"status-publish","4":"has-post-thumbnail","6":"product_cat-radiatore-me-ventilim","7":"description-off","9":"first","10":"instock","11":"shipping-taxable","12":"product-type-simple"},"_links":{"self":[{"href":"https:\/\/euroclima.al\/index.php\/wp-json\/wp\/v2\/product\/2022","targetHints":{"allow":["GET"]}}],"collection":[{"href":"https:\/\/euroclima.al\/index.php\/wp-json\/wp\/v2\/product"}],"about":[{"href":"https:\/\/euroclima.al\/index.php\/wp-json\/wp\/v2\/types\/product"}],"wp:featuredmedia":[{"embeddable":true,"href":"https:\/\/euroclima.al\/index.php\/wp-json\/wp\/v2\/media\/2023"}],"wp:attachment":[{"href":"https:\/\/euroclima.al\/index.php\/wp-json\/wp\/v2\/media?parent=2022"}],"wp:term":[{"taxonomy":"product_brand","embeddable":true,"href":"https:\/\/euroclima.al\/index.php\/wp-json\/wp\/v2\/product_brand?post=2022"},{"taxonomy":"product_cat","embeddable":true,"href":"https:\/\/euroclima.al\/index.php\/wp-json\/wp\/v2\/product_cat?post=2022"},{"taxonomy":"product_tag","embeddable":true,"href":"https:\/\/euroclima.al\/index.php\/wp-json\/wp\/v2\/product_tag?post=2022"}],"curies":[{"name":"wp","href":"https:\/\/api.w.org\/{rel}","templated":true}]}}