{"id":2413,"date":"2019-09-11T08:43:31","date_gmt":"2019-09-11T08:43:31","guid":{"rendered":"https:\/\/euroclima.al\/?page_id=2413"},"modified":"2019-09-11T09:53:51","modified_gmt":"2019-09-11T09:53:51","slug":"filtra-uji","status":"publish","type":"page","link":"https:\/\/euroclima.al\/index.php\/filtra-uji\/","title":{"rendered":"FILTRA UJI"},"content":{"rendered":"<div class=\"wpb-content-wrapper\"><p>[vc_row][vc_column]<div id=\"ultimate-heading-946969e5cd6acb8a6\" class=\"uvc-heading ult-adjust-bottom-margin ultimate-heading-946969e5cd6acb8a6 uvc-536 \" data-hspacer=\"no_spacer\"  data-halign=\"center\" style=\"text-align:center\"><div class=\"uvc-heading-spacer no_spacer\" style=\"top\"><\/div><div class=\"uvc-main-heading ult-responsive\"  data-ultimate-target='.uvc-heading.ultimate-heading-946969e5cd6acb8a6 h2'  data-responsive-json-new='{\"font-size\":\"\",\"line-height\":\"\"}' ><h2 style=\"font-weight:normal;\">FILTER UJI OneFlow\u00ae<\/h2><\/div><\/div>[vc_separator][\/vc_column][\/vc_row][vc_row][vc_column width=&#8221;1\/2&#8243;][vc_single_image image=&#8221;2417&#8243; img_size=&#8221;large&#8221;][\/vc_column][vc_column width=&#8221;1\/2&#8243;][vc_column_text]<strong>Sistemi anti-gelqere OneFlow\u00ae OFTWH-R\u00a0<\/strong>parandalon formimin e depozitave gelqerore n\u00eb sip\u00ebrfaqet e brendshme t\u00eb sistemeve hidraulike;me efikasitet t\u00eb provuar si nga testet e laborator\u00ebve t\u00eb pavarur, ashtu edhe\u00a0 nga rezultatet e shk\u00eblqyera t\u00eb marra gjat\u00eb viteve t\u00eb aplikimit n\u00eb kontekste rezidenciale dhe komerciale, si dhe n\u00eb sektorin e hotelieris\u00eb.<\/p>\n<p><strong>OneFlow\u00ae<\/strong> \u00ebsht\u00eb nj\u00eb zgjidhje inteligjente kund\u00ebr depozitimeve gelqerore, alternativa e p\u00ebrsosur p\u00ebr zbutjen (shk\u00ebmbimin e joneve) dhe pajisjeve te tjera.<\/p>\n<p><strong>Teknologjia inovative Templated Assisted Crystalization (TAC)<\/strong> ruan mineralet p\u00ebrgjegj\u00ebse p\u00ebr ngurt\u00ebsin\u00eb e ujit dhe i shnd\u00ebrron ato n\u00eb kristale inerte mikroskopike, t\u00eb cilat mbeten t\u00eb bllokuara n\u00eb uj\u00eb para se t\u00eb pastrohen[\/vc_column_text][\/vc_column][\/vc_row]<\/p>\n<\/div>","protected":false},"excerpt":{"rendered":"<p>[vc_row][vc_column][vc_separator][\/vc_column][\/vc_row][vc_row][vc_column width=&#8221;1\/2&#8243;][vc_single_image image=&#8221;2417&#8243; img_size=&#8221;large&#8221;][\/vc_column][vc_column width=&#8221;1\/2&#8243;][vc_column_text]Sistemi anti-gelqere OneFlow\u00ae OFTWH-R\u00a0parandalon formimin e depozitave gelqerore n\u00eb sip\u00ebrfaqet e brendshme t\u00eb sistemeve hidraulike;me efikasitet t\u00eb provuar si nga testet e laborator\u00ebve t\u00eb pavarur, ashtu edhe\u00a0 nga rezultatet e shk\u00eblqyera t\u00eb marra gjat\u00eb viteve t\u00eb aplikimit n\u00eb kontekste rezidenciale dhe komerciale, si dhe n\u00eb sektorin e hotelieris\u00eb. OneFlow\u00ae \u00ebsht\u00eb nj\u00eb&hellip;<\/p>\n","protected":false},"author":2,"featured_media":0,"parent":0,"menu_order":0,"comment_status":"closed","ping_status":"closed","template":"","meta":{"footnotes":""},"class_list":["post-2413","page","type-page","status-publish","hentry","description-off"],"_links":{"self":[{"href":"https:\/\/euroclima.al\/index.php\/wp-json\/wp\/v2\/pages\/2413","targetHints":{"allow":["GET"]}}],"collection":[{"href":"https:\/\/euroclima.al\/index.php\/wp-json\/wp\/v2\/pages"}],"about":[{"href":"https:\/\/euroclima.al\/index.php\/wp-json\/wp\/v2\/types\/page"}],"author":[{"embeddable":true,"href":"https:\/\/euroclima.al\/index.php\/wp-json\/wp\/v2\/users\/2"}],"replies":[{"embeddable":true,"href":"https:\/\/euroclima.al\/index.php\/wp-json\/wp\/v2\/comments?post=2413"}],"version-history":[{"count":3,"href":"https:\/\/euroclima.al\/index.php\/wp-json\/wp\/v2\/pages\/2413\/revisions"}],"predecessor-version":[{"id":2419,"href":"https:\/\/euroclima.al\/index.php\/wp-json\/wp\/v2\/pages\/2413\/revisions\/2419"}],"wp:attachment":[{"href":"https:\/\/euroclima.al\/index.php\/wp-json\/wp\/v2\/media?parent=2413"}],"curies":[{"name":"wp","href":"https:\/\/api.w.org\/{rel}","templated":true}]}}