{"id":2033,"date":"2019-03-16T09:38:29","date_gmt":"2019-03-16T09:38:29","guid":{"rendered":"https:\/\/euroclima.al\/?page_id=2033"},"modified":"2019-04-23T07:58:11","modified_gmt":"2019-04-23T07:58:11","slug":"radiator-me-ventilim","status":"publish","type":"page","link":"https:\/\/euroclima.al\/index.php\/radiator-me-ventilim\/","title":{"rendered":"RADIATOR ME VENTILIM"},"content":{"rendered":"<div class=\"wpb-content-wrapper\"><p>[vc_row][vc_column]<div class=\"dt-fancy-separator h4-size\" style=\"width: 100%;\"><div class=\"dt-fancy-title\"><span class=\"separator-holder separator-left\"><\/span>RADIATOR ME VENTILIM<span class=\"separator-holder separator-right\"><\/span><\/div><\/div><div id=\"uvc-type-wrap-7652\"  data-ultimate-target='#uvc-type-wrap-7652'  data-responsive-json-new='{\"font-size\":\"\",\"line-height\":\"\"}'  class=\"uvc-type-wrap  ult-adjust-bottom-margin ult-responsive  uvc-type-align-center uvc-type-no-prefix uvc-wrap-227443937769e8a84778fff\" style=\"text-align:center;\"><span id=\"typed-227443937769e8a84778fff\" class=\"ultimate-typed-main \" style=\" font-weight:normal; text-transform: unset;\"><\/span><script type=\"text\/javascript\">\n\t\t\t\t\t\tjQuery(function($){ \n\t\t\t\t\t\t\t$(document).ready(function(){\n\t\t\t\t\t\t\t\tif( typeof jQuery(\"#typed-227443937769e8a84778fff\").typed == \"function\"){\n\t\t\t\t\t\t\t\t\t$(\"#typed-227443937769e8a84778fff\").typed({\n\t\t\t\t\t\t\t\t\t\tstrings: [\"SOFI\u00ae \u00ebsht\u00eb nj\u00eb radiator me fuqi t\u00eb lart\u00eb dhe efikasitet t\u00eb lart\u00eb q\u00eb kombinon tiparet dhe estetik\u00ebn e nj\u00eb radiatori tradicional me funksionalitetin dhe performanc\u00ebn e nj\u00eb ventilatori. Ideal p\u00ebr funksionim edhe n\u00eb temperatura t\u00eb ul\u00ebta.\"],\n\t\t\t\t\t\t\t\t\t\ttypeSpeed: 25,\n\t\t\t\t\t\t\t\t\t\tbackSpeed: 0,\n\t\t\t\t\t\t\t\t\t\tstartDelay: \"200\",\n\t\t\t\t\t\t\t\t\t\tbackDelay: \"1500\",\n\t\t\t\t\t\t\t\t\t\tloop: true,\n\t\t\t\t\t\t\t\t\t\tloopCount: false,\n\t\t\t\t\t\t\t\t\t\tshowCursor: true,\n\t\t\t\t\t\t\t\t\t\tcursorChar: \"|\",\n\t\t\t\t\t\t\t\t\t\tattr: null\n\t\t\t\t\t\t\t\t\t});\n\t\t\t\t\t\t\t\t}\n\t\t\t\t\t\t\t});\n\t\t\t\t\t\t});\n\t\t\t\t\t<\/script><\/div><div id=\"ult-carousel-404193442469e8a8477945b\" class=\"ult-carousel-wrapper   ult_horizontal\" data-gutter=\"15\" data-rtl=\"false\" ><div class=\"ult-carousel-49238838969e8a84779385 \" >[vc_single_image image=&#8221;2115&#8243; img_size=&#8221;full&#8221;][vc_single_image image=&#8221;2026&#8243; img_size=&#8221;full&#8221; alignment=&#8221;center&#8221;][vc_single_image image=&#8221;2025&#8243; img_size=&#8221;full&#8221; alignment=&#8221;center&#8221;][vc_single_image image=&#8221;2023&#8243; img_size=&#8221;full&#8221; alignment=&#8221;center&#8221;]<\/div><\/div>\t\t\t<script type=\"text\/javascript\">\n\t\t\t\tjQuery(document).ready(function ($) {\n\t\t\t\t\tif( typeof jQuery('.ult-carousel-49238838969e8a84779385').slick == \"function\"){\n\t\t\t\t\t\t$('.ult-carousel-49238838969e8a84779385').slick({dots: true,autoplay: true,autoplaySpeed: \"5300\",speed: \"800\",infinite: true,arrows: true,nextArrow: '<button type=\"button\" role=\"button\" aria-label=\"Next\" style=\"color:#333333; font-size:20px;\" class=\"slick-next default\"><i class=\"ultsl-arrow-right4\"><\/i><\/button>',prevArrow: '<button type=\"button\" role=\"button\" aria-label=\"Previous\" style=\"color:#333333; font-size:20px;\" class=\"slick-prev default\"><i class=\"ultsl-arrow-left4\"><\/i><\/button>',slidesToScroll:1,slidesToShow:1,swipe: true,draggable: true,touchMove: true,pauseOnHover: true,pauseOnFocus: false,responsive: [\n\t\t\t\t\t\t\t{\n\t\t\t\t\t\t\t  breakpoint: 1026,\n\t\t\t\t\t\t\t  settings: {\n\t\t\t\t\t\t\t\tslidesToShow: 1,\n\t\t\t\t\t\t\t\tslidesToScroll: 1,  \n\t\t\t\t\t\t\t  }\n\t\t\t\t\t\t\t},\n\t\t\t\t\t\t\t{\n\t\t\t\t\t\t\t  breakpoint: 1025,\n\t\t\t\t\t\t\t  settings: {\n\t\t\t\t\t\t\t\tslidesToShow: 1,\n\t\t\t\t\t\t\t\tslidesToScroll: 1\n\t\t\t\t\t\t\t  }\n\t\t\t\t\t\t\t},\n\t\t\t\t\t\t\t{\n\t\t\t\t\t\t\t  breakpoint: 760,\n\t\t\t\t\t\t\t  settings: {\n\t\t\t\t\t\t\t\tslidesToShow: 1,\n\t\t\t\t\t\t\t\tslidesToScroll: 1\n\t\t\t\t\t\t\t  }\n\t\t\t\t\t\t\t}\n\t\t\t\t\t\t],pauseOnDotsHover: true,customPaging: function(slider, i) {\n                   return '<i type=\"button\" style= \"color:#333333;\" class=\"ultsl-record\" data-role=\"none\"><\/i>';\n                },});\n\t\t\t\t\t}\n\t\t\t\t});\n\t\t\t<\/script>\n\t\t\t[\/vc_column][\/vc_row][vc_row][vc_column width=&#8221;1\/2&#8243;]<div class=\"woocommerce columns-4 \"><div class=\"wf-container dt-products  woo-hover products loading-effect-fade-in description-on-hover cart-btn-on-img wc-img-hover hide-description\" data-padding=\"0px\" data-cur-page=\"1\" data-desktop-columns-num=\"4\" data-v-tablet-columns-num=\"2\" data-h-tablet-columns-num=\"3\" data-phone-columns-num=\"1\">\n\n<article class=\"post visible description-off product type-product post-2022 status-publish first instock product_cat-radiatore-me-ventilim has-post-thumbnail shipping-taxable product-type-simple\">\n\n\t<figure class=\"woocom-project\">\n\t<div class=\"woo-buttons-on-img\">\n\n\t\t<a href=\"https:\/\/euroclima.al\/index.php\/product\/radiator-me-ventilim\/\" class=\"alignnone layzr-bg\"><img loading=\"lazy\" decoding=\"async\" width=\"300\" height=\"300\" src=\"data:image\/svg+xml;charset=utf-8,%3Csvg xmlns%3D&#039;http%3A%2F%2Fwww.w3.org%2F2000%2Fsvg&#039; viewBox%3D&#039;0 0 300 300&#039;%2F%3E\" class=\"attachment-woocommerce_thumbnail size-woocommerce_thumbnail lazy-load preload-me\" alt=\"RADIATOR ME VENTILIM\" data-src=\"https:\/\/euroclima.al\/wp-content\/uploads\/2019\/03\/4701_n_sofi-veticale-radiatore-ventilconvettore-condizionamneto-riscaldamento-living-arredo-555x390-cordivari-135-300x300.jpg\" data-srcset=\"https:\/\/euroclima.al\/wp-content\/uploads\/2019\/03\/4701_n_sofi-veticale-radiatore-ventilconvettore-condizionamneto-riscaldamento-living-arredo-555x390-cordivari-135-300x300.jpg 300w, https:\/\/euroclima.al\/wp-content\/uploads\/2019\/03\/4701_n_sofi-veticale-radiatore-ventilconvettore-condizionamneto-riscaldamento-living-arredo-555x390-cordivari-135-200x200.jpg 200w, https:\/\/euroclima.al\/wp-content\/uploads\/2019\/03\/4701_n_sofi-veticale-radiatore-ventilconvettore-condizionamneto-riscaldamento-living-arredo-555x390-cordivari-135-150x150.jpg 150w, https:\/\/euroclima.al\/wp-content\/uploads\/2019\/03\/4701_n_sofi-veticale-radiatore-ventilconvettore-condizionamneto-riscaldamento-living-arredo-555x390-cordivari-135-100x100.jpg 100w\" \/><img loading=\"lazy\" decoding=\"async\" width=\"300\" height=\"300\" src=\"data:image\/svg+xml;charset=utf-8,%3Csvg xmlns%3D&#039;http%3A%2F%2Fwww.w3.org%2F2000%2Fsvg&#039; viewBox%3D&#039;0 0 300 300&#039;%2F%3E\" class=\"show-on-hover back-image lazy-load preload-me\" alt=\"\" data-src=\"https:\/\/euroclima.al\/wp-content\/uploads\/2019\/03\/2595_z_SOFI_1500x710-1-2-300x300.jpg\" data-srcset=\"https:\/\/euroclima.al\/wp-content\/uploads\/2019\/03\/2595_z_SOFI_1500x710-1-2-300x300.jpg 300w, https:\/\/euroclima.al\/wp-content\/uploads\/2019\/03\/2595_z_SOFI_1500x710-1-2-200x200.jpg 200w, https:\/\/euroclima.al\/wp-content\/uploads\/2019\/03\/2595_z_SOFI_1500x710-1-2-150x150.jpg 150w, https:\/\/euroclima.al\/wp-content\/uploads\/2019\/03\/2595_z_SOFI_1500x710-1-2-100x100.jpg 100w\" \/><\/a>\n\t<\/div>\n\t<figcaption class=\"woocom-list-content\">\n\n\t\t<div class=\"woocommerce-product-details__short-description\">\n\t<h3>RADIATOR ME VENTILIM SOFI\u00ae<\/h3>\n<h5>SOFI\u00ae \u00ebsht\u00eb nj\u00eb radiator me fuqi t\u00eb lart\u00eb dhe efikasitet t\u00eb lart\u00eb q\u00eb kombinon tiparet dhe estetik\u00ebn e nj\u00eb radiatori tradicional me funksionalitetin dhe performanc\u00ebn e nj\u00eb ventilatori.<\/h5>\n<h5>\nIdeal p\u00ebr funksionim edhe n\u00eb temperatura t\u00eb ul\u00ebta.<\/h5>\n<h4><a href=\"https:\/\/euroclima.al\/wp-content\/uploads\/2019\/03\/scheda-tecnica-Sofi-Verticale-acciaio-colorato.pdf\">SKEDE TEKNIKE.pdf<\/a><\/h4>\n<\/div>\n\n\t<\/figcaption>\n<\/figure>\n\n<\/article>\n\n\n\n<article class=\"post visible description-off product type-product post-2117 status-publish instock product_cat-radiatore-me-ventilim has-post-thumbnail shipping-taxable product-type-simple\">\n\n\t<figure class=\"woocom-project\">\n\t<div class=\"woo-buttons-on-img\">\n\n\t\t<a href=\"https:\/\/euroclima.al\/index.php\/product\/radiator-me-ventilim-2\/\" class=\"alignnone layzr-bg\"><img loading=\"lazy\" decoding=\"async\" width=\"300\" height=\"300\" src=\"data:image\/svg+xml;charset=utf-8,%3Csvg xmlns%3D&#039;http%3A%2F%2Fwww.w3.org%2F2000%2Fsvg&#039; viewBox%3D&#039;0 0 300 300&#039;%2F%3E\" class=\"attachment-woocommerce_thumbnail size-woocommerce_thumbnail lazy-load preload-me\" alt=\"RADIATOR ME VENTILIM\" data-src=\"https:\/\/euroclima.al\/wp-content\/uploads\/2019\/03\/4706_n_sofi-orizzontale-555x390-cordivari-133-300x300.jpg\" data-srcset=\"https:\/\/euroclima.al\/wp-content\/uploads\/2019\/03\/4706_n_sofi-orizzontale-555x390-cordivari-133-300x300.jpg 300w, https:\/\/euroclima.al\/wp-content\/uploads\/2019\/03\/4706_n_sofi-orizzontale-555x390-cordivari-133-200x200.jpg 200w, https:\/\/euroclima.al\/wp-content\/uploads\/2019\/03\/4706_n_sofi-orizzontale-555x390-cordivari-133-150x150.jpg 150w, https:\/\/euroclima.al\/wp-content\/uploads\/2019\/03\/4706_n_sofi-orizzontale-555x390-cordivari-133-100x100.jpg 100w\" \/><\/a>\n\t<\/div>\n\t<figcaption class=\"woocom-list-content\">\n\n\t\t<div class=\"woocommerce-product-details__short-description\">\n\t<p>RADIATOR ME VENTILIM SOFI HORIZONTAL<\/p>\n<p><a href=\"https:\/\/euroclima.al\/wp-content\/uploads\/2019\/03\/Technical-sheet-Sofi-horizontal-hc.pdf\">SKEDE TEKNIKE.pdf<\/a><\/p>\n<\/div>\n\n\t<\/figcaption>\n<\/figure>\n\n<\/article>\n\n<\/div><\/div>[\/vc_column][vc_column width=&#8221;1\/2&#8243;][vc_column_text]<\/p>\n<h4>SOFI\u00ae \u00ebsht\u00eb nj\u00eb radiator me fuqi t\u00eb lart\u00eb dhe efikasitet t\u00eb lart\u00eb q\u00eb kombinon tiparet dhe estetik\u00ebn e nj\u00eb radiatori tradicional me funksionalitetin dhe performanc\u00ebn e nj\u00eb ventilatori.<\/h4>\n<h4>Ideal p\u00ebr funksionim edhe n\u00eb temperatura t\u00eb ul\u00ebta.<\/h4>\n<p>[\/vc_column_text][\/vc_column][\/vc_row][vc_row][vc_column][\/vc_column][\/vc_row]<\/p>\n<\/div>","protected":false},"excerpt":{"rendered":"<p>[vc_row][vc_column][\/vc_column][\/vc_row][vc_row][vc_column width=&#8221;1\/2&#8243;][\/vc_column][vc_column width=&#8221;1\/2&#8243;][vc_column_text] SOFI\u00ae \u00ebsht\u00eb nj\u00eb radiator me fuqi t\u00eb lart\u00eb dhe efikasitet t\u00eb lart\u00eb q\u00eb kombinon tiparet dhe estetik\u00ebn e nj\u00eb radiatori tradicional me funksionalitetin dhe performanc\u00ebn e nj\u00eb ventilatori. Ideal p\u00ebr funksionim edhe n\u00eb temperatura t\u00eb ul\u00ebta. [\/vc_column_text][\/vc_column][\/vc_row][vc_row][vc_column][\/vc_column][\/vc_row]<\/p>\n","protected":false},"author":2,"featured_media":0,"parent":0,"menu_order":0,"comment_status":"closed","ping_status":"closed","template":"","meta":{"footnotes":""},"class_list":["post-2033","page","type-page","status-publish","hentry","description-off"],"_links":{"self":[{"href":"https:\/\/euroclima.al\/index.php\/wp-json\/wp\/v2\/pages\/2033","targetHints":{"allow":["GET"]}}],"collection":[{"href":"https:\/\/euroclima.al\/index.php\/wp-json\/wp\/v2\/pages"}],"about":[{"href":"https:\/\/euroclima.al\/index.php\/wp-json\/wp\/v2\/types\/page"}],"author":[{"embeddable":true,"href":"https:\/\/euroclima.al\/index.php\/wp-json\/wp\/v2\/users\/2"}],"replies":[{"embeddable":true,"href":"https:\/\/euroclima.al\/index.php\/wp-json\/wp\/v2\/comments?post=2033"}],"version-history":[{"count":6,"href":"https:\/\/euroclima.al\/index.php\/wp-json\/wp\/v2\/pages\/2033\/revisions"}],"predecessor-version":[{"id":2127,"href":"https:\/\/euroclima.al\/index.php\/wp-json\/wp\/v2\/pages\/2033\/revisions\/2127"}],"wp:attachment":[{"href":"https:\/\/euroclima.al\/index.php\/wp-json\/wp\/v2\/media?parent=2033"}],"curies":[{"name":"wp","href":"https:\/\/api.w.org\/{rel}","templated":true}]}}